 be x(-6). Is (-10)/f*-3219 - -3 prime?
False
Suppose 1431 = 6*c - 1035. Suppose -c*m + 418*m - 30569 = 0. Is m a composite number?
True
Suppose 2*j + 3*j + 15 = 0, 4*d - 31 = j. Is d - (-11389 + 1 - 6) a prime number?
False
Let d = 17338 + 253045. Is d composite?
True
Let h(w) = 18*w - 343. Let u be h(41). Let t = u - 273. Is t a composite number?
True
Let v(u) = 368*u + 137. Let k = -529 + 554. Is v(k) prime?
True
Suppose 5*r + 360 = 5*o, -66 = -o - 0*o - 2*r. Suppose -113046 = o*y - 76*y. Is y a composite number?
True
Let p(o) = o**3 - 8*o**2 + 15*o - 4. Let r be p(6). Let t be 17/(43/r - 3). Suppose 6*y = 4988 + t. Is y composite?
True
Is (4/6)/(750/(-113488625)*1/(-9)) composite?
False
Let k(j) = -j**3 + j**2 + 5*j + 2. Let x be k(0). Suppose -8261 = x*n - 13*n. Is n composite?
False
Suppose -2*q - 2*r + 460774 = 0, 188*q = 189*q - 5*r - 230351. Is q a prime number?
False
Suppose -5*m - 2 = -h + 3*h, 5*h + 5 = 2*m. Suppose -3*n + n = m. Suppose 384 = -k + 4*k - 3*i, n = -4*i - 20. Is k prime?
False
Suppose 0 = -5*k - n + 8 + 3, 0 = -5*n + 5. Suppose -y = 4*u - 3833, 6*y = 10*y - k*u - 15278. Is y composite?
False
Let i = -77 + 77. Suppose -5*o + 2*f = -i - 2, -3 = -3*o + 3*f. Suppose -12*h + 8*h + 940 = o. Is h composite?
True
Let z be (-3 - (-113 - -1))*1. Let v = 952 + z. Is v composite?
False
Let h(c) = -550*c**3 + 18*c**2 + 47*c - 15. Is h(-4) a prime number?
False
Let b(m) = -m**3 + 34*m**2 + 9*m - 469. Is b(-39) a composite number?
True
Let z be (108/270)/((-1)/(-1415)*1). Let o = -315 + z. Is o prime?
True
Suppose -o + w = -5*o + 14631, -5*o - 3*w = -18280. Is o a composite number?
False
Is 4/56 + (-146868990)/(-5460) - (-4)/(-26) a composite number?
True
Let w(r) = -r**2 + 12*r + 211. Let g be w(-14). Let d = 2000 - g. Is d composite?
False
Suppose 5*w + 16306 = 3*o, 1426 = -5*o - 3*w + 28648. Suppose 3*d = 4*t + 2*d - o, -d = -t + 1359. Let v = t - 738. Is v a prime number?
False
Let z(q) = 37*q**3 + 5*q**2 - 12*q + 41. Let l be z(6). Suppose -611*m = -612*m + l. Is m prime?
False
Let a(u) = 1044*u + 11. Let q be a(-16). Let b = -7766 - q. Is b prime?
False
Let f(q) = -462*q**3 - 6*q**2 + 6*q - 5. Is f(-8) a prime number?
True
Let v(l) = 4*l**3 + 38*l**2 + 19*l + 21. Let p be v(-16). Is (p/81)/((-2)/6) composite?
False
Suppose 6*i = 152 - 44. Suppose 0 = -3*y + 3*v - 5*v - 26, 5*y + i = 3*v. Is (-3)/y + (-3354)/(-4) prime?
True
Suppose -31*t + 29*t = -2*m, -3*m - 5*t = -40. Is (-586 - -2)/(-8)*m a composite number?
True
Let o(w) = -3*w**2 - 23*w - 9. Let b be o(-7). Suppose -4*x = b*x - 4509. Is x a prime number?
False
Suppose -r + 4*z - 3040 = 8*z, -2*r - 6132 = -5*z. Let v = 3290 - 1811. Let y = v - r. Is y a composite number?
True
Suppose -258*y + 22669307 = 95*y. Is y a prime number?
False
Let m = -2498 + 3515. Let h = m + 288. Let n = 1967 - h. Is n prime?
False
Suppose -2*m = 2*i - 76, -49 = -3*i + m + 73. Suppose -234 = a - i. Let j = -63 - a. Is j a prime number?
True
Let f(z) = 10*z**3 + 23*z**2 + 30*z - 17. Let u be f(-9). Let y = u - -8771. Is y a composite number?
True
Suppose -21870 = -3*w + 2*j, 5*j - 34793 = -4*w - 5610. Suppose 5*v + 2377 = w. Is v prime?
True
Suppose 32*t - 2*t - 3149489 - 5185921 = 0. Is t composite?
False
Let f(s) = -882*s - 7. Suppose 5*l - 43 + 13 = 0. Let t(q) = -883*q - 6. Let h(j) = l*t(j) - 5*f(j). Is h(-1) prime?
True
Let t(x) = 1239*x**2 + 19*x + 131. Let f be t(-9). Suppose -23*h + f = 20*h. Is h a composite number?
False
Suppose 124*q - 136*q = 2132592. Is 2/10 - q/20*6 composite?
True
Suppose 4*f + l = 173078 + 78372, -2*f + 4*l + 125734 = 0. Is f a prime number?
False
Let v be 525/18 - 2/12 - 1. Suppose -2*l = 5*w - 3*l - v, 23 = 4*w - l. Suppose -5*f = 5*o - 1520, 2*f - 326 = w*o + 275. Is f prime?
False
Let c(m) be the first derivative of -m**4/2 - 22*m**3/3 - 24*m**2 - 13*m - 843. Let g(n) = -15*n**2 - 2*n - 1. Let d be g(-1). Is c(d) a prime number?
False
Suppose 2*y - 3*m - 26329 = 3*y, -3*y + 4*m = 79013. Let r = y - -42705. Suppose 10*i - r = -0*i. Is i composite?
False
Suppose -40 = -4*p - 44. Let f be (p/(-1)*1)/(4/20). Suppose -2*a + f*w + 830 = w, 842 = 2*a + 2*w. Is a prime?
True
Let x(h) = 256*h**2 + 4*h - 6. Let a be x(2). Suppose -395 - 192 = -q. Let o = a - q. Is o prime?
True
Let v(t) be the first derivative of -t**2/2 + 7*t - 25. Let z be v(-2). Suppose z*y = 22*y - 3809. Is y a composite number?
False
Let i(v) = -156*v + 103. Let y(a) = 157*a - 103. Let u(l) = 5*i(l) + 6*y(l). Is u(7) composite?
False
Let o(r) = 51*r**2 + 0*r + 10*r - 15 - 8*r - 4*r - 7. Is o(7) prime?
False
Let p = -622 + 854. Suppose -4*k + 1912 = -x, x = -k + 246 + p. Is k a prime number?
False
Let h be 36/(-30)*(-5 - 0). Let l be ((729/6)/(-9))/((-3)/h). Is ((-18)/l)/((-2)/(-14142)*-2) a composite number?
False
Suppose 0 = 65*f - 36670 - 47310. Let w(o) = -76*o**3 + o + 1. Let r be w(-1). Suppose 72*h + f = r*h. Is h prime?
False
Suppose 90298 = -67*m + 803379. Is m a composite number?
True
Suppose -2*g + 32 = 5*x, -5*x + g + 25 = -4*g. Let w(p) be the second derivative of p**5/10 - 2*p**4/3 + 4*p**3/3 - 5*p**2/2 + 5*p. Is w(x) a prime number?
False
Let w(x) = 4*x**2 - 42*x + 18. Let d be w(9). Is (-3987)/15*60/d prime?
True
Let i = -11107 + 13826. Is i a prime number?
True
Suppose -310*h - 48064 = -302*h. Let a = h + 10629. Is a a prime number?
True
Suppose 666434 = 2*u - 5*g, -61*u = -64*u - g + 999685. Is u a composite number?
False
Let q = -7447 + 89708. Is q prime?
True
Let v be (2/(-1))/((110/(-585))/(-11)). Let g = 464 + v. Suppose -38 = -7*i + g. Is i composite?
True
Suppose -8*z - 17391 - 10937 = 0. Is (-62 + 63)/((-1)/z) a composite number?
False
Suppose 3*f - 11*c = -14*c + 18, c = 3*f + 6. Let u(y) = 2*y**2 + 2*y + 345 - 3*y**2 + 102 - y**3. Is u(f) a prime number?
False
Let u(f) = -f**3 + 2*f**2 + 9*f - 4. Let t be u(4). Suppose 11*m - 6*m + 5*h - 10100 = t, -4*m + 2*h + 8062 = 0. Is m prime?
True
Let k be (6 - -2) + (-12)/3. Let v be -3 + ((-3)/12)/(k/(-112)). Suppose 3*a + 4365 = 5*x - a, -v*x = 3*a - 3523. Is x composite?
False
Suppose -13*a - 706 = 256. Let p = 268 + a. Is p a prime number?
False
Suppose -5*h = 3*g - 12714067, -3*h - 21*g + 7628421 = -16*g. Is h prime?
True
Let k(i) be the first derivative of -64*i**2 - 19*i + 127. Is k(-19) a prime number?
False
Is ((-2919725)/20)/(-15*12/144) prime?
True
Suppose 0 = -18*y + 16*y - 8. Is (-1)/y + (-5 - (-20408)/32) prime?
False
Let m(q) = 3258*q**2 - 368*q + 2601. Is m(7) prime?
True
Suppose 26*s - 45046 - 3314 = 0. Suppose 2*c + 4*q - 557 - 929 = 0, 5*c - 3715 = 2*q. Let h = s - c. Is h prime?
True
Suppose 4*l = 30*l - 2*l - 2562984. Is l composite?
True
Let v = -51 - -66. Suppose 0 = -n + 9 - v. Is n/8 - (-1963)/52 composite?
False
Suppose 2*k - 376 = -4*m, -5*m + 5*k + 295 = -2*m. Suppose 0 = -82*l + m*l - 156923. Is l composite?
False
Let c(u) = u**2. Let m(o) = 2*o + 8*o**3 - 5*o**2 + 8*o**3 + 1 + 0*o - 4*o. Let g(t) = -3*c(t) - m(t). Is g(-2) composite?
False
Suppose -5*c + 1381695 + 673810 = 0. Is c a prime number?
True
Let x(q) = -17*q + 27. Let s be x(9). Let l = s + 204. Suppose -k - u + 183 = -l, -5*k = u - 1321. Is k composite?
True
Let d(f) be the third derivative of -11*f**6/30 - f**5/10 - f**4/6 + 5*f**3/6 + 3*f**2. Suppose 5*c - 2*u + 30 = 0, -c - 33 = -5*u - 4. Is d(c) prime?
True
Let t = -745457 + 1076812. Is t a composite number?
True
Let u = 43061 + -14748. Is u composite?
True
Suppose 13*r - 4142009 = 3364022. Is r prime?
True
Let j = 36007 - -7324. Is j a composite number?
False
Let t be -6 - ((-90)/(-10) + -18). Suppose -3*l + u = -15, -4*l + 5*u + 25 = l. Suppose 0 = -3*k, -262 = -l*i - t*k + 823. Is i composite?
True
Let p = 49 + -44. Suppose p*h - 9*h = -120. Is ((-814)/4)/((-15)/h) prime?
False
Suppose -5194 = -6*p - 610. Suppose 3*x - p = x. Suppose x = 5*z - 3*z. Is z a composite number?
False
Suppose 4*d - 43 - 177 = 0. Let z(p) = -150*p + 72*p - d*p + 50. Is z(-8) composite?
True
Let m(p) = p - 3. Let i be m(3). Suppose i = -8*z + 4*z + 12140. Is z prime?
False
Suppose -887 - 409 = -4*s. Let b be s/(-78) + (-2)/(-13). Is ((-114)/(-12))/((-2)/b) prime?
True
Suppose -2*u - 13 = 2*q - 5, 0 = -4*u - 3*q - 11. Suppose 0 = 4*r + s + 7, 5*r + s = -2*s - 7. Is r/(u/278*-4) a composite number?
False